44098?
True
Does 507 divide 166599?
False
Is 75 a factor of 630?
False
Is 230 a factor of 90302?
False
Is 112 a factor of 398384?
True
Is 58 a factor of 868086?
True
Does 3 divide 76505?
False
Does 267 divide 55167?
False
Is 315370 a multiple of 33?
False
Does 4 divide 1276123?
False
Is 31 a factor of 1994912?
True
Is 3106257 even?
False
Is 95778 a multiple of 10?
False
Does 29 divide 1547266?
True
Does 12 divide 3282696?
True
Is 10548928 a multiple of 806?
True
Does 306 divide 747558?
True
Is 959 a factor of 348015?
False
Is 28078344 a multiple of 1609?
False
Does 65 divide 135005?
True
Is 132 a factor of 523686?
False
Is 6 a factor of 10462326?
True
Does 1099 divide 15928249?
False
Is 9 a factor of 196506?
True
Is 1869832 a multiple of 37?
True
Does 190 divide 2251690?
True
Does 137 divide 29580?
False
Is 85327 a multiple of 3?
False
Is 26 a factor of 473019?
False
Does 14 divide 1889?
False
Does 22 divide 29985582?
True
Is 133712 a multiple of 122?
True
Is 109991 a multiple of 153?
False
Does 5 divide 2144862?
False
Does 11 divide 31198?
False
Is 133 a factor of 209011?
False
Is 18 a factor of 775350?
True
Is 35 a factor of 342554?
False
Is 179 a factor of 313429?
True
Does 634 divide 3868034?
True
Is 8 a factor of 384416?
True
Is 34 a factor of 202538?
True
Is 5 a factor of 879608?
False
Is 8406840 a multiple of 15?
True
Is 130 a factor of 538720?
True
Is 3 a factor of 138239?
False
Is 1275 a factor of 916725?
True
Is 1242506 a multiple of 17?
False
Does 487 divide 3236115?
True
Does 275 divide 385570?
False
Is 29276 a multiple of 180?
False
Is 997115 a multiple of 21?
False
Is 5156902 a multiple of 93?
False
Is 4 a factor of 116448?
True
Does 2 divide 17708?
True
Is 65 a factor of 6565?
True
Does 50 divide 454445?
False
Does 52 divide 30940?
True
Is 15 a factor of 1012680?
True
Is 1910685 a multiple of 587?
True
Does 6 divide 389110?
False
Is 49556 a multiple of 13?
True
Is 11 a factor of 170882?
False
Does 92 divide 11866?
False
Does 14 divide 7516698?
True
Is 116882 a multiple of 71?
False
Is 11 a factor of 2212067?
True
Does 471 divide 3995493?
True
Is 12 a factor of 8409390?
False
Does 116 divide 220014?
False
Is 153104 a multiple of 9?
False
Is 2449564 a multiple of 140?
False
Is 8 a factor of 145114?
False
Is 140 a factor of 239820?
True
Is 12 a factor of 5081328?
True
Is 11 a factor of 64119?
True
Is 499225 a multiple of 95?
True
Does 31 divide 348667?
False
Does 20 divide 65140?
True
Does 249 divide 58998?
False
Does 385 divide 70620?
False
Is 469 a factor of 59269?
False
Is 3 a factor of 6988656?
True
Is 1154315 a multiple of 32?
False
Does 157 divide 157157?
True
Is 153 a factor of 22225440?
False
Is 2630496 a multiple of 188?
True
Is 534913 a multiple of 8?
False
Is 11 a factor of 81214?
False
Is 119 a factor of 144109?
True
Does 12 divide 2237355?
False
Is 73347 a multiple of 69?
True
Is 3 a factor of 122545?
False
Is 121 a factor of 4844356?
True
Is 219 a factor of 2434203?
False
Is 19915 a multiple of 94?
False
Is 4869518 a multiple of 23?
False
Is 447995 a multiple of 9?
False
Does 491 divide 367191?
False
Is 329 a factor of 23030?
True
Is 124 a factor of 5716896?
True
Is 14 a factor of 438410?
True
Is 202 a factor of 194169?
False
Is 80 a factor of 22480?
True
Does 829 divide 130760?
False
Does 9 divide 525371?
False
Is 26005067 a multiple of 126?
False
Is 20 a factor of 734420?
True
Does 12 divide 24262884?
True
Does 95 divide 247760?
True
Is 152111 a multiple of 422?
False
Is 210 a factor of 60480?
True
Does 16 divide 1048992?
True
Does 25 divide 4922847?
False
Does 156 divide 201070?
False
Is 463 a factor of 627695?
False
Does 18 divide 9271224?
True
Is 873885 a multiple of 447?
True
Is 18 a factor of 359118?
True
Is 14 a factor of 578665?
False
Is 31 a factor of 100192?
True
Is 3 a factor of 62955?
True
Does 11 divide 10324545?
True
Does 744 divide 7033776?
True
Does 6 divide 8420868?
True
Is 15 a factor of 623340?
True
Is 94786 a multiple of 166?
True
Is 7 a factor of 327914?
False
Is 11290476 a multiple of 59?
True
Is 140 a factor of 766640?
True
Is 427490 a multiple of 155?
True
Is 86280 a multiple of 2?
True
Is 98 a factor of 475893?
False
Does 177 divide 92394?
True
Does 44 divide 1439898?
False
Does 2 divide 1842550?
True
Is 2605 a factor of 23622167?
False
Is 1002670 a multiple of 1208?
False
Is 516810 a multiple of 210?
True
Is 8 a factor of 1745576?
True
Is 198 a factor of 2996532?
True
Does 14 divide 167468?
True
Is 59 a factor of 2877902?
True
Is 129 a factor of 310448?
False
Is 660 a factor of 789651?
False
Is 14384162 a multiple of 79?
True
Is 211230 a multiple of 45?
True
Does 32 divide 1652864?
True
Is 30 a factor of 8338830?
True
Does 14 divide 541432?
False
Is 4478080 a multiple of 16?
True
Is 4609673 a multiple of 11?
False
Is 4296269 a multiple of 257?
True
Is 2148 even?
True
Is 448982 even?
True
Is 330 a factor of 31123290?
True
Is 759295 a multiple of 905?
True
Is 398310 a multiple of 2?
True
Does 215 divide 7925115?
True
Is 13 a factor of 11010932?
False
Is 458 a factor of 19236?
True
Is 4 a factor of 6174?
False
Is 105 a factor of 144795?
True
Is 1909938 a multiple of 5?
False
Is 638352 a multiple of 496?
True
Does 1278 divide 2002913?
False
Does 22 divide 3182922?
False
Is 13 a factor of 8324368?
True
Does 153 divide 493731?
True
Does 516 divide 1430352?
True
Is 7 a factor of 3979219?
False
Does 44 divide 93240?
False
Does 43 divide 82834?
False
Does 383 divide 7304959?
True
Does 18 divide 46484?
False
Is 5932680 a multiple of 12?
True
Does 78 divide 169260?
True
Is 9 a factor of 4003173?
True
Is 85 a factor of 648786?
False
Is 3357 a multiple of 9?
True
Is 294 a factor of 209622?
True
Is 39 a factor of 301897?
False
Is 53 a factor of 3129809?
True
Is 1058920 a multiple of 9?
False
Is 288 a factor of 1692407?
False
Is 42 a factor of 2869855?
False
Is 207823 a multiple of 11?
True
Is 2770821 a multiple of 61?
False
Is 5 a factor of 561449?
False
Does 8 divide 42668?
False
Does 53 divide 977741?
False
Does 5 divide 105705?
True
Is 1161771 a multiple of 39?
True
Does 369 divide 248337?
True
Is 36 a factor of 2816990?
False
Does 643 divide 638848?
False
Does 36 divide 22464?
True
Is 3 a factor of 14237?
False
Does 3 divide 17796?
True
Does 4 divide 388945?
False
Does 260 divide 167400?
False
Is 69679 a multiple of 36?
False
Does 429 divide 999999?
True
Does 23 divide 105988?
False
Is 103028 a multiple of 86?
True
Is 1400841 a multiple of 852?
False
Does 78 divide 64974?
True
Does 208 divide 810962?
False
Is 8267626 a multiple of 57?
False
Is 23 a factor of 177146?
True
Is 26595492 a multiple of 8?
False
Does 133 divide 945944?
False
Does 28 divide 613676?
True
Is 2647387 a multiple of 410?
False
Is 8 a factor of 35038?
False
Does 3 divide 28477?
False
Does 30 divide 490529?
False
Does 22 divide 151030?
True
Is 86 a factor of 3584438?
False
Does 545 divide 973915?
True
Is 9 a factor of 346698?
True
Is 143 a factor of 763620?
True
Is 32512 a multiple of 32?
True
Is 2332820 a multiple of 266?
True
Does 11 divide 102188?
False
Is 518535 a multiple of 15?
True
Is 3726228 a multiple of 17?
False
Is 37 a factor of 1907610?
False
Is 53 a factor of 222388?
True
Is 3551250 a multiple of 375?
True
Is 17472 a multiple of 4?
True
Is 1190 a multiple of 6?
False
Is 335610 a multiple of 27?
True
Is 353510 a multiple of 41?
False
Is 622954 a multiple of 82?
True
Is 2681991 a multiple of 18?
False
Is 4772005 a multiple of 1468?
False
Is 5 a factor of 455066?
False
Is 5477549 a multiple of 11?
True
Is 56 a factor of 1183936?
False
Is 706 a factor of 1112062?
False
Is 291816 a multiple of 504?
True
Does 25 divide 8941400?
True
Does 18 divide 265302?
True
Does 55 divide 25685?
True
Does 142 divide 218538?
True
Is 169859 a multiple of 62?
False
Does 58 divide 5465260?
False
Is 108 a factor of 1897236?
True
Is 4312350 a multiple of 111?
True
Does 40 divide 5721920?
True
Does 3 divide 28850?
False
Is 16077100 a multiple of 804?
False
Is 141490 a multiple of 41?
False
Is 136498 a multiple of 278?
True
Is 1249542 a multiple of 329?
True
Does 8 divide 1500714?
False
Is 2 a factor of 2022?
True
Is 5365525 a multiple of 55?
True
Is 391 a factor of 823837?
True
Does 31 divide 3278901?
True
Does 104 divide 3857880?
True
Is 1